{"id":424,"date":"2021-03-11T10:00:45","date_gmt":"2021-03-11T09:00:45","guid":{"rendered":"http:\/\/lapucealoreille.me\/?page_id=424"},"modified":"2021-03-11T18:42:31","modified_gmt":"2021-03-11T17:42:31","slug":"zamis","status":"publish","type":"page","link":"https:\/\/www.pucealoreille.fr\/index.php\/zamis\/","title":{"rendered":"Z&rsquo;Amis sur le chemin des contes"},"content":{"rendered":"<p><span style=\"color: #000000;\">Ludovic Souliman<\/span><br \/>\nPlus qu&rsquo;un \u00ab\u00a0guide\u00a0\u00bb, un ami. Conteur joyeux, g\u00e9n\u00e9reux, fraternel&#8230; Toujours pr\u00eat \u00e0 offrir r\u00eave et lumi\u00e8re, au fil des contes, au fil de l&rsquo;autre.<br \/>\n<span style=\"text-decoration: underline;\"><span style=\"color: #800080;\"><a style=\"color: #800080; text-decoration: underline;\" href=\"http:\/\/www.ludovicsouliman.com\">http:\/\/www.ludovicsouliman.com<\/a><\/span><\/span><\/p>\n<p><span style=\"color: #000000;\">No\u00e9mie Sanson<\/span><br \/>\nComplice, magicienne du verbe et des images. Apr\u00e8s le th\u00e9\u00e2tre (Ecole Jacques Lecoq, Paris), elle \u00e9crit \u00ab\u00a0La Grande Marcheuse\u00a0\u00bb, mise en mots et en images de ses racines enfouies dans le sel et l\u2019air marin du Cotentin. Puis elle cr\u00e9e des spectacles cont\u00e9s pour le jeune public : \u00ab\u00a0Au pays de p&rsquo;tit L\u00e9on\u00a0\u00bb, \u00ab\u00a0Au pays des trois citrons\u00a0\u00bb, \u00ab\u00a0Contes en lumi\u00e8re\u00a0\u00bb&#8230; et initie le Festival Contes en Cotentin.<br \/>\n<span style=\"text-decoration: underline;\"><span style=\"color: #800080;\"><a style=\"color: #800080; text-decoration: underline;\" href=\"http:\/\/www.noemie-sanson.fr\">http:\/\/www.noemie-sanson.fr<\/a><\/span><\/span><\/p>\n<p>C\u00e9cile Robin<br \/>\nRadieuse, lumineuse, C\u00e9cile fait rayonner ses histoires.<br \/>\nElle raconte \u00e0 tous et propose aussi des spectacles interactifs pour les tout-petits accompagn\u00e9s de comptines, jeux de doigts et marionnettes.<br \/>\n<span style=\"color: #800080;\">https:\/\/cecilerobinconteuse.blogspot.com<\/span><\/p>\n<p><span style=\"color: #000000;\">Claire Lemoine<\/span><br \/>\nIllustratrice, photographe et magicienne num\u00e9rique, elle publie des albums jeunesse et a mis en images \u00e0 l&rsquo;aquarelle deux textes \u00e9dit\u00e9s par Catherine,<br \/>\nextraits de notre spectacle \u00ab\u00a0Entre toi \u00e9moi\u00a0\u00bb.<br \/>\n<span style=\"color: #800080;\">https:\/\/clairelemoine.art<br \/>\n<\/span><\/p>\n<p class=\"font_8\">Aude Ehrhardt<br \/>\n<span class=\"color_24\">N\u00e9e un jour de grand beau temps pr\u00e8s de la mer, elle a gard\u00e9 l&rsquo;oc\u00e9an en elle, le go\u00fbt du large et du vaste et le myst\u00e8re des profondeurs qu&rsquo;elle aime sonder en tout et en chacun \u00e0 travers le chant, le rythme, les mots et les images.<br \/>\n<\/span>Musicienne, de formation classique (clavecin, chant) et universitaire (lettres et musicologie), son chemin l&rsquo;a men\u00e9e vers la p\u00e9dagogie musicale (Orff) et les arts th\u00e9rapeutiques (yoga du son, percussion, mouvement, couleurs).<br \/>\nElle anime aussi des ateliers musicaux avec les tr\u00e8s jeunes enfants en cr\u00e8che, au conservatoire et en famille chez les particuliers.<br \/>\nAude et Catherine se sont associ\u00e9es pour cr\u00e9er le spectacle \u00ab\u00a0Trois petits flocons\u00a0\u00bb et ce n&rsquo;est qu&rsquo;un d\u00e9but&#8230;<br \/>\n<span style=\"color: #800080;\">https:\/\/www.en-filigrane.com<\/span><\/p>\n<p>Laurent Azuelos<br \/>\nMuziconteur, semeur de graines de po\u00e9sie et de folies.<br \/>\n<a href=\"http:\/\/laurentazuelos.fr\/\" target=\"_blank\" rel=\"noopener noreferrer\"><span style=\"color: #800080;\">http:\/\/laurentazuelos.fr<\/span><\/a><\/p>\n","protected":false},"excerpt":{"rendered":"<p>Ludovic Souliman Plus qu&rsquo;un \u00ab\u00a0guide\u00a0\u00bb, un ami. Conteur joyeux, g\u00e9n\u00e9reux, fraternel&#8230; Toujours pr\u00eat \u00e0 offrir r\u00eave et lumi\u00e8re, au fil des contes, au fil de l&rsquo;autre. http:\/\/www.ludovicsouliman.com No\u00e9mie Sanson Complice, magicienne du verbe et des images. Apr\u00e8s le th\u00e9\u00e2tre (Ecole &hellip; <a href=\"https:\/\/www.pucealoreille.fr\/index.php\/zamis\/\">Continuer la lecture <span class=\"meta-nav\">&rarr;<\/span><\/a><\/p>\n","protected":false},"author":2,"featured_media":0,"parent":0,"menu_order":0,"comment_status":"closed","ping_status":"closed","template":"","meta":[],"_links":{"self":[{"href":"https:\/\/www.pucealoreille.fr\/index.php\/wp-json\/wp\/v2\/pages\/424"}],"collection":[{"href":"https:\/\/www.pucealoreille.fr\/index.php\/wp-json\/wp\/v2\/pages"}],"about":[{"href":"https:\/\/www.pucealoreille.fr\/index.php\/wp-json\/wp\/v2\/types\/page"}],"author":[{"embeddable":true,"href":"https:\/\/www.pucealoreille.fr\/index.php\/wp-json\/wp\/v2\/users\/2"}],"replies":[{"embeddable":true,"href":"https:\/\/www.pucealoreille.fr\/index.php\/wp-json\/wp\/v2\/comments?post=424"}],"version-history":[{"count":13,"href":"https:\/\/www.pucealoreille.fr\/index.php\/wp-json\/wp\/v2\/pages\/424\/revisions"}],"predecessor-version":[{"id":1193,"href":"https:\/\/www.pucealoreille.fr\/index.php\/wp-json\/wp\/v2\/pages\/424\/revisions\/1193"}],"wp:attachment":[{"href":"https:\/\/www.pucealoreille.fr\/index.php\/wp-json\/wp\/v2\/media?parent=424"}],"curies":[{"name":"wp","href":"https:\/\/api.w.org\/{rel}","templated":true}]}}